et d be ((-2)/(-4))/1*0 + 1. Let o(u) = -x + 0 - u - u - d. Determine o(-5).
6
Let a(r) be the third derivative of 5*r**4/24 - 5*r**3/6 + 7*r**2. Let f(d) = 14*d - 14. Let q(w) = 17*a(w) - 6*f(w). Calculate q(-4).
-5
Let b(o) = -o**3 - o**2 - 2*o + 1. Let p(l) = 2*l**3 - 4*l**2 - 7*l + 4. Let h(u) = -4*b(u) + p(u). Let y = -7 - -6. Give h(y).
-7
Let p(f) = -14*f + 9. Let i(j) = -27*j + 17. Let h(m) = 5*m - 9. Let a be h(4). Let b(c) = a*p(c) - 6*i(c). Calculate b(2).
13
Suppose 0 = -2*w + 3*w, -2*w - 5 = n. Let s(o) = 0 - 4*o + 2*o**2 - 3*o**2 - 1. What is s(n)?
-6
Let o(l) = 4*l - 25. Let v(h) = 3*h - 18. Let f(j) = 5*o(j) - 7*v(j). What is f(-10)?
11
Let s(h) = 2*h + 24. Let x = 421 + -432. What is s(x)?
2
Let r(b) = b + 1. Let v be r(5). Suppose -v = 11*u + 27. Let k(o) = -o**2 + o - 1. What is k(u)?
-13
Let j(x) be the first derivative of -x**4/4 + x**3 + x**2/2 + 5*x + 4. Let q(v) = v + 13. Let m be q(-16). Let a(o) = 3*o + 13. Let w be a(m). Give j(w).
-7
Let m(t) = -5*t**2 - 1 + 2*t**2 + t**3 - t**2 + t. Let h be 1*3 - (-9 - -7). Suppose g + 2 = h. Give m(g).
-7
Let n(l) be the first derivative of 1/24*l**4 + 0*l + 8 - 1/3*l**3 - 5/2*l**2. Let t(c) be the second derivative of n(c). Give t(-5).
-7
Let l(j) = j**3 + 6*j**2 - 15*j - 7. Let z(s) = -s**2 + 4*s + 3. Let w(k) = l(k) + 3*z(k). Let f = -8 + 5. What is w(f)?
11
Let p(r) be the third derivative of -r**5/20 - r**4/8 + r**2. Let l be p(-2). Let h(f) = 27*f. Let x(u) = -22*u + 1. Let g(t) = 5*h(t) + 6*x(t). Determine g(l).
-12
Let f(u) be the second derivative of u**5/20 - u**4/3 - u**3/6 - u**2/2 - u. Let s = 13 + -13. Suppose 5*k - 17 = -3*r - 0, s = -2*k - 2*r + 6. Calculate f(k).
-5
Let i = 40 - 11. Let x = -35 + i. Let h(z) = -3 - z + 2 + 2*z. Determine h(x).
-7
Let o(d) = 7*d + 2. Let m(r) be the second derivative of r**3 + r**2/2 - 4*r. Let w(b) = -6*m(b) + 5*o(b). Determine w(-3).
7
Suppose -1 = -3*s - 4*n, -2*n = 2*n - 4. Let j(d) be the third derivative of -d**4/3 - 35*d**2. What is j(s)?
8
Suppose -g + u - 3*u = -7, -2*g + 14 = -5*u. Let b = -5 + g. Let m(z) = 2*z**2 + 2*z + 1. Determine m(b).
13
Let u(x) = 122 - 11*x - 4*x**2 - 4*x**2 + 10*x**2 - 125. Give u(6).
3
Let r(f) = 9*f**3 - 11*f**2 + 9*f + 12. Let o(z) = 20*z**3 - 23*z**2 + 20*z + 27. Let q(n) = -4*o(n) + 9*r(n). What is q(7)?
7
Let o be -12*(0 - (-2)/(-6)). Suppose 4*b - 21 = 5*d + 15, -3*b + 28 = -o*d. Let n(q) be the first derivative of -q**3/3 - 3*q**2/2 + 2*q - 4. Calculate n(d).
-2
Let w(z) = 2*z + 8. Let i(r) = -r + 1. Let t(h) = 3*i(h) + w(h). What is t(14)?
-3
Let l(o) be the second derivative of 0 - 1/6*o**3 - o**2 + 7*o. Calculate l(-2).
0
Let l(k) = -4*k - 23*k**2 + 2 - 1 + 24*k**2. Let c be (-91)/6 - 4/(-24). Let x be 3/((-39)/c + -2). What is l(x)?
6
Suppose 0 = -42*t + 40*t + 160. Let i = t + -76. Let x(f) = f**3 - 3*f**2 + 2*f + 3. Give x(i).
27
Let q(v) = -v**2 - 3*v + 1. Let x(r) = 4*r**2 + 12*r - 4. Let d(h) = -5*q(h) - x(h). Calculate d(-2).
-3
Let k = -42 - -49. Let z(r) = r**2 - 5*r - 8. Determine z(k).
6
Let l(z) = z + 8. Suppose 5*b = -38 - 97. Let p = b - -20. What is l(p)?
1
Let f(s) = 4*s + 29. Suppose 13*a + 29 = -75. What is f(a)?
-3
Suppose 15 = 3*z + 3*c, -2*z + 5*z = 3*c + 15. Let i(q) = q - 11. Give i(z).
-6
Let g(x) = -x**3 - 5*x**2 - 2*x - 6. Let u = -296 + 291. Calculate g(u).
4
Let v(k) = 14 - 33 - 3*k + 10 + 9. Calculate v(-1).
3
Let a(k) = -48*k + 25*k + 24*k + 11*k. Determine a(1).
12
Let n(z) = 2*z**2 + 5*z + 4. Let y be n(-3). Let j = -3 + y. Let m(x) = -4*x + 27. Let c(h) = h - 8. Let f(q) = -7*c(q) - 2*m(q). Determine f(j).
6
Let d(b) = 8 + b + 4 - 2. Suppose 5*m + 5 = -5*z, 5*z = 3*m + 7*z + 7. What is d(m)?
5
Suppose 4*h = -3*c + 3, 2*h - c + 3*c = 2. Suppose h = 2*b + 4*b - 0*b. Let s(u) = u + 1. Determine s(b).
1
Let h be 2 + -2*(1 + 0). Let r(c) = -2 + 5 - c**3 - 5*c - 5*c**2 + c + h. Let w be 3*4*1/(-3). Determine r(w).
3
Let o(v) be the second derivative of -v**5/20 + v**3/6 - 3*v**2/2 + v. Let m be o(0). Let g(d) = 2*d + 1 + 2 - 4*d. What is g(m)?
9
Let y(u) = -4*u - 8. Let v(m) = -26 - 21 + 46. Let o(z) = 2*v(z) - y(z). What is o(-6)?
-18
Let v(g) be the second derivative of g**6/720 - g**5/24 - 11*g**4/4 + 24*g. Let b(w) be the third derivative of v(w). Give b(8).
3
Let b be 1/6 + (-105)/(-18). Let d be 1*6 - (-18)/b. Let j(v) = -3 - v + d - 1 - 1. What is j(3)?
1
Let d(j) be the second derivative of j**5/20 + 5*j**4/12 + 2*j**3/3 - 5*j**2/2 + 2*j - 73. Determine d(-4).
-5
Let j(x) = 4*x**2 + 7*x + 6. Suppose 0*p = 6*p + 36. Let c(i) = 4*i**2 + 8*i + 7. Let g(v) = p*c(v) + 7*j(v). What is g(-1)?
3
Let m(u) = -u**2 - 4*u. Let o = 29 - 51. Let t = o + 17. Give m(t).
-5
Suppose g = r + 3, 9*r = 2*g + 5*r - 12. Let q(l) = -l**3 - 2*l**2 - l + 2. Determine q(g).
2
Let d(n) = n**2 - 11*n. Let o be d(12). Let i(x) = -1 - 2*x - 2*x - 10*x + o*x. Determine i(-5).
9
Let o(l) = l**2 + 2*l. Let i(g) = -3*g**2 - 15*g - 5. Let s(d) = -i(d) - 2*o(d). Calculate s(-9).
-13
Let k(z) be the second derivative of 0 + 6*z**2 + 1/6*z**3 - 11*z. Give k(0).
12
Let w(v) = v. Let q = -45 + 23. Let g be (-4)/q + 184/(-44). Calculate w(g).
-4
Let u(j) be the first derivative of -14 - 1/3*j**3 + 5/2*j**2 + 7*j. Calculate u(6).
1
Suppose -5*r - 3*v = 94 + 12, r - 3*v = -14. Let o = r - -16. Let f be (-4 - o) + 1 + 1. Let y(b) = -4*b + 3. Give y(f).
-5
Let l(x) = -2*x**2 - 5*x - 6. Let n(r) be the first derivative of r**3 + 3*r**2 + 7*r - 27. Let m(z) = 4*l(z) + 3*n(z). Determine m(4).
5
Suppose 2*o + 0*k - 5 = -k, -4*o - 4*k + 12 = 0. Let r(y) = -19*y**2 + 9*y**o + 7*y**2 - 5*y - 3. What is r(-3)?
-15
Let p(s) = s**3 - s**2 - 4*s + 2. Suppose -125*g + 124*g = -3. What is p(g)?
8
Suppose 2*f - 6*f = o + 1, 2*o - 3*f = 53. Suppose 4*t - o = 9. Let w(d) = -d**3 + 8*d**2 - 5*d - 10. Give w(t).
4
Let i(r) = -r + 2. Let l(n) = 2*n**2 - 11*n - 7. Let t be l(5). Let d be -2*((-2)/5)/(t/45). Calculate i(d).
5
Suppose 2*a - 28 = 6*a - c, 0 = -a - c - 7. Let q = a - -8. Let b(y) = -y**2 - 1. Determine b(q).
-2
Let u = 26 - 21. Let l(m) = -3*m**3 - 6 - 6*m**2 + 2*m**3 - u*m - 6 + 5. Determine l(-5).
-7
Let f(p) be the third derivative of p**7/2520 - p**6/360 - 11*p**5/60 - 22*p**2. Let x(j) be the third derivative of f(j). Calculate x(-3).
-8
Let b = 14 - 4. Let c = 17 - b. Let n(o) be the first derivative of o**2/2 - 4*o + 4. Calculate n(c).
3
Let t(s) = -2*s**2 + s + 1. Let v(n) = 3*n**2 + 2. Let k(h) = -2*t(h) - v(h). What is k(3)?
-1
Let o = -123 + 240. Let w(t) = t - 4 + 121*t**2 + t**3 - 7*t - o*t**2. Give w(-5).
1
Let b(o) = -o. Suppose 2*f + 67 = 3*k, -f - f + 58 = 2*k. Let r be (30/k)/((-6)/(-20)). What is b(r)?
-4
Let m(d) be the third derivative of -1/6*d**3 + 1/60*d**5 + 2*d**2 + 0 + 0*d + 1/8*d**4. What is m(-4)?
3
Let g(h) = -h**2 + 3*h - 3. Let f = 127 + -122. What is g(f)?
-13
Let m be (8/(-8))/1 - 1*-13. Let h(g) = -316 - m*g + 11*g + 320. Calculate h(3).
1
Let v(w) = w**2 + 4*w - 6. Let u be v(-6). Let r(o) = u*o**2 + 3*o**3 - o**3 + 2*o - 2*o**2. Give r(-2).
-4
Let m = 68 - 62. Let x(v) = -2*v**2 + 14*v + 5. Let i(f) = -f**2 + 7*f + 2. Let n(a) = m*x(a) - 11*i(a). What is n(6)?
14
Let d = 236 - 241. Let l(g) = g**3 + 4*g**2 - 4*g + 3. Give l(d).
-2
Let i be 15/(-6)*(1 - 33/15). Let s(m) = m - 7. What is s(i)?
-4
Let u(a) be the third derivative of -a**4/24 + 11*a**3/6 + 108*a**2 + 1. Let m = -4 + 4. Determine u(m).
11
Let d(p) = -p + 9*p - 3*p**2 + 2 + 2*p**2. Let i = 1836 - 1828. Give d(i).
2
Let f(w) be the first derivative of -w**6/360 + w**5/120 - 7*w**4/24 + 15*w**3 - 5. Let q(n) be the third derivative of f(n). What is q(0)?
-7
Let o(f) be the third derivative of f**6/120 - f**5/15 - f**4/4 + 124*f**2. Determine o(6).
36
Let q be ((-345)/(-46))/(3/(-2)). Let w(r) = -r**3 - 5*r**2 + 6*r - 6. Determine w(q).
-36
Let q(y) be the second derivative of -y**3/6 - y**2 - 6*y - 4. Determine q(-3).
1
Let h(d) = d + 4. Let x be -16*28/14*1/4. What is h(x)?
-4
Let u(h) = -11*h**2 - 10*h - 14. Let n(o) = 5*o**2 + 5*o + 6. Let y(p) = -5*n(p) - 2*u(p). Calculate y(-4).
-30
Let s = -167 + 162. Let a(b) = -b**2 - 5*b - 3. What is a(s)?
-3
Let w(v) = v + 4. Let p(h) = -5*h - 25. Let q(x) = 6*p(x) + 35*w(x). What is q(7)?
25
Let z(x) be the second derivative of -x**5/20 - x**4/3 + x**3/6 - 